e 3) to base 12
26
4b (base 13) to base 6
143
-1 (base 4) to base 5
-1
-8 (base 13) to base 11
-8
Convert -2 (base 14) to base 5.
-2
What is 4 (base 12) in base 16?
4
What is 135 (base 8) in base 2?
1011101
What is 18 (base 15) in base 3?
212
10000000 (base 2) to base 6
332
5 (base 7) to base 10
5
What is -9 (base 11) in base 3?
-100
Convert 2 (base 6) to base 2.
10
Convert 2 (base 12) to base 5.
2
101 (base 2) to base 8
5
Convert 110 (base 5) to base 9.
33
1010 (base 3) to base 5
110
-10 (base 6) to base 8
-6
What is 1302 (base 4) in base 11?
a4
What is -10 (base 7) in base 4?
-13
Convert -10 (base 3) to base 15.
-3
What is 3 (base 8) in base 2?
11
What is -2 (base 10) in base 8?
-2
-101000 (base 2) to base 12
-34
Convert 6 (base 16) to base 13.
6
-202 (base 10) to base 3
-21111
Convert -3 (base 11) to base 10.
-3
Convert 7 (base 15) to base 12.
7
-5 (base 6) to base 8
-5
13 (base 9) to base 10
12
Convert -4 (base 6) to base 3.
-11
Convert -240 (base 6) to base 16.
-60
3 (base 12) to base 5
3
-100020 (base 3) to base 13
-162
450 (base 8) to base 10
296
-10001 (base 2) to base 13
-14
-38 (base 15) to base 6
-125
34 (base 7) to base 4
121
Convert 1 (base 2) to base 6.
1
What is 62 (base 15) in base 14?
68
3 (base 12) to base 4
3
Convert b (base 12) to base 2.
1011
What is 32 (base 5) in base 11?
16
What is -11 (base 10) in base 13?
-b
-17 (base 10) to base 13
-14
a (base 15) to base 3
101
What is 2 (base 9) in base 8?
2
Convert 6 (base 9) to base 7.
6
What is 55 (base 10) in base 11?
50
-111 (base 3) to base 4
-31
a (base 11) to base 7
13
-1021 (base 3) to base 7
-46
Convert 131 (base 4) to base 14.
21
334 (base 5) to base 6
234
1 (base 9) to base 13
1
-230 (base 9) to base 8
-275
Convert -28 (base 16) to base 6.
-104
What is 18 (base 15) in base 5?
43
1101 (base 5) to base 16
97
43 (base 16) to base 9
74
Convert 13 (base 14) to base 7.
23
Convert -100 (base 3) to base 16.
-9
What is 2022 (base 4) in base 7?
255
What is 3 (base 16) in base 2?
11
Convert 100 (base 3) to base 9.
10
Convert 13 (base 10) to base 15.
d
What is -6 (base 12) in base 14?
-6
Convert 2 (base 10) to base 4.
2
What is -6 (base 13) in base 12?
-6
Convert 13 (base 7) to base 11.
a
What is -5 (base 16) in base 12?
-5
187 (base 9) to base 14
b6
What is 3 (base 6) in base 11?
3
-5 (base 12) to base 11
-5
What is -2 (base 4) in base 13?
-2
What is -17 (base 10) in base 5?
-32
Convert 21 (base 12) to base 16.
19
Convert 1 (base 12) to base 10.
1
What is -31 (base 6) in base 7?
-25
What is 192 (base 11) in base 8?
336
77 (base 16) to base 8
167
Convert c (base 14) to base 16.
c
Convert 1111 (base 2) to base 4.
33
-10100 (base 3) to base 2
-1011010
What is 2f (base 16) in base 9?
52
Convert 25 (base 9) to base 7.
32
Convert 74 (base 8) to base 14.
44
Convert 3 (base 6) to base 5.
3
Convert 11002 (base 3) to base 9.
132
Convert -5 (base 15) to base 3.
-12
What is -44 (base 16) in base 4?
-1010
What is 50 (base 11) in base 14?
3d
Convert -9 (base 14) to base 11.
-9
155 (base 9) to base 7
245
What is 186 (base 10) in base 3?
20220
What is -2 (base 7) in base 6?
-2
-45 (base 12) to base 3
-1222
What is 2 (base 12) in base 6?
2
Convert 107 (base 10) to base 8.
153
Convert 6 (base 9) to base 8.
6
Convert 4 (base 16) to base 11.
4
What is 35 (base 10) in base 9?
38
Convert -4 (base 11) to base 3.
-11
Convert 33 (base 10) to base 7.
45
Convert 23 (base 13) to base 3.
1002
What is -13 (base 9) in base 13?
-c
Convert -14 (base 6) to base 13.
-a
What is 161 (base 10) in base 12?
115
Convert -15 (base 8) to base 16.
-d
10101100 (base 2) to base 10
172
-28 (base 16) to base 4
-220
3 (base 11) to base 16
3
Convert 3 (base 16) to base 5.
3
Convert 69 (base 16) to base 7.
210
Convert -1012 (base 3) to base 13.
-26
-32 (base 14) to base 5
-134
Convert -125 (base 15) to base 10.
-260
-1220 (base 3) to base 16
-33
What is -4 (base 15) in base 12?
-4
What is 1011101 (base 2) in base 16?
5d
Convert -3 (base 10) to base 3.
-10
1 (base 6) to base 16
1
Convert a3 (base 12) to base 16.
7b
Convert -1010 (base 2) to base 5.
-20
Convert -4 (base 8) to base 15.
-4
-1 (base 8) to base 12
-1
What is -2 (base 5) in base 8?
-2
What is 10 (base 6) in base 8?
6
What is 5 (base 12) in base 10?
5
Convert 1 (base 10) to base 13.
1
What is -1 (base 2) in base 14?
-1
What is 1 (base 7) in base 9?
1
Convert -115 (base 6) to base 8.
-57
-36 (base 7) to base 2
-11011
-117 (base 10) to base 3
-11100
Convert -1 (base 10) to base 9.
-1
What is 4 (base 11) in base 3?
11
1 (base 11) to base 2
1
Convert 3 (base 15) to base 2.
11
Convert 200 (base 4) to base 5.
112
3 (base 14) to base 12
3
2 (base 8) to base 3
2
Convert -11101 (base 2) to base 12.
-25
What is -b0 (base 16) in base 6?
-452
Convert 110 (base 3) to base 11.
11
What is -2 (base 9) in base 15?
-2
What is -43 (base 6) in base 3?
-1000
Convert -77 (base 9) to base 7.
-130
Convert -30 (base 4) to base 12.
-10
What is -8 (base 9) in base 14?
-8
Convert -6 (base 11) to base 14.
-6
Convert 3 (base 13) to base 3.
10
What is -87 (base 12) in base 5?
-403
13 (base 14) to base 7
23
Convert 132 (base 13) to base 16.
d2
Convert -4 (base 5) to base 13.
-4
What is 2 (base 5) in base 16?
2
-4 (base 8) to base 5
-4
What is -1111011 (base 2) in base 12?
-a3
Convert 5 (base 8) to base 11.
5
Convert 7b (base 13) to base 4.
1212
What is -2002 (base 3) in base 2?
-111000
Convert 163 (base 8) to base 5.
430
4 (base 10) to base 14
4
Convert 3 (base 12) to base 6.
3
Convert -15 (base 8) to base 7.
-16
Convert -8f (base 16) to base 9.
-168
-100 (base 4) to base 14
-12
Convert 1 (base 12) to base 6.
1
What is 2 (base 8) in base 10?
2
What is -221 (base 3) in base 2?
-11001
-335 (base 9) to base 2
-100010011
What is 1 (base 2) in base 16?
1
Convert -ab (base 15) to base 3.
-12222
-9 (base 15) to base 11
-9
Convert 0 (base 14) to base 2.
0
1122 (base 3) to base 7
62
Convert -1052 (base 6) to base 4.
-3320
Convert -12 (base 5) to base 7.
-10
What is 122 (base 3) in base 5?
32
-4 (base 13) to base 11
-4
What is 3d (base 16) in base 14?
45
3 (base 14) to base 9
3
1022 (base 3) to base 8
43
What is 200 (base 3) in base 14?
14
Convert 101 (base 4) to base 5.
32
What is -1c0 (base 13) in base 10?
-325
-22 (base 7) to base 14
-12
What is 2122 (base 3) in base 16?
47
-121 (base 8) to base 16
-51
Convert -24 (base 10) to base 12.
-20
What is 31 (base 7) in base 5?
42
What is -102 (base 5) in base 13?
-21
50 (base 10) to base 16
32
What is -1cb (base 13) in base 7?
-660
Convert -2 (base 14) to base 11.
-2
What is 53 (base 14) in base 6?
201
Convert 7 (base 14) to base 5.
12
Convert 53 (base 9) to base 12.
40
Convert 510 (base 7) to base 12.
190
111 (base 4) to base 8
25
11 (base 11) to base 9
13
-102 (base 9) to base 6
-215
Convert 41 (base 5) to base 7.
30
Convert 2 (base 9) to base 6.
2
What is 53 (base 7) in base 5?
123
27 (base 12) to base 4
133
What is 58 (base 11) in base 13?
4b
Convert -11 (base 2) to base 16.
-3
What is -103 (base 7) in base 9?
-57
15 (base 10) to base 2
1111
What is 100 (base 2) in base 9?
4
What is 16 (base 8) in base 14?
10
Convert -15 (base 10) to base 7.
-21
Convert 12 (base 3) to base 16.
5
0 (base 13) to base 15
0
What is 3 (base 9) in base 14?
3
Convert -14 (base 11) to base 2.
-1111
2 (base 4) to base 7
2
Convert 0 (base 3) to base 10.
0
-10 (base 7) to base 12
-7
-3 (base 16) to base 10
-3
Convert 101010 (base 2) to base 10.
42
What is 11 (base 13) in base 15?
e
Convert -10 (base 2) to base 13.
-2
100001111 (base 2) to base 14
155
Convert 21 (base 5) to base 2.
1011
Convert 48 (base 14) to base 4.
1000
What is 0 (base 3) in base 5?
0
What is 1b (base 16) in base 6?
43
What is 0 (base 12) in base 4?
0
-3 (base 16) to base 2
-11
Convert -57 (base 15) to base 6.
-214
-59 (base 11) to base 14
-48
What is -5 (base 15) in base 7?
-5
What is 10a (base 13) in base 12?
12b
What is -7 (base 8) in base 14?
-7
What is -45 (base 8) in base 10?
-37
-1 (base 5) to base 3
-1
What is 21 (base 5) in base 9?
12
-a (base 12) to base 5
-20
-160 (base 12) to base 6
-1000
What is 107 (base 14) in base 3?
21112
Convert -1 (base 15) to base 10.
-1
-10 (base 4) to base 2
-100
166 (base 9) to base 6
353
-7 (base 11) to base 8
-7
-91 (base 12) to base 15
-74
Convert 2 (base 16) to base 14.
2
Wh